{"id":34,"date":"2025-07-12T05:00:00","date_gmt":"2025-07-12T05:00:00","guid":{"rendered":"https:\/\/arproarq.com\/?page_id=34"},"modified":"2025-08-31T00:19:56","modified_gmt":"2025-08-31T00:19:56","slug":"servicios","status":"publish","type":"page","link":"https:\/\/arproarq.com\/index.php\/servicios\/","title":{"rendered":"Servicios"},"content":{"rendered":"\n<div class=\"wp-block-group alignfull is-content-justification-center is-layout-constrained wp-container-core-group-is-layout-1313c73e wp-block-group-is-layout-constrained\" style=\"margin-top:0px;margin-bottom:0px;padding-top:64px;padding-bottom:64px\">\n<div class=\"wp-block-group alignwide is-layout-flow wp-container-core-group-is-layout-c6626a78 wp-block-group-is-layout-flow\">\n<div class=\"wp-block-columns is-layout-flex wp-container-core-columns-is-layout-28f84493 wp-block-columns-is-layout-flex\">\n<div class=\"wp-block-column is-vertically-aligned-center is-layout-flow wp-container-core-column-is-layout-47e5a185 wp-block-column-is-layout-flow\">\n<div class=\"wp-block-group is-content-justification-left is-layout-constrained wp-container-core-group-is-layout-44ff0204 wp-block-group-is-layout-constrained\" style=\"border-radius:5px\">\n<figure class=\"wp-block-image size-full\"><img loading=\"lazy\" decoding=\"async\" width=\"800\" height=\"400\" src=\"https:\/\/arproarq.com\/wp-content\/uploads\/2025\/07\/4_final-2.jpg\" alt=\"\" class=\"wp-image-39\" srcset=\"https:\/\/arproarq.com\/wp-content\/uploads\/2025\/07\/4_final-2.jpg 800w, https:\/\/arproarq.com\/wp-content\/uploads\/2025\/07\/4_final-2-300x150.jpg 300w, https:\/\/arproarq.com\/wp-content\/uploads\/2025\/07\/4_final-2-768x384.jpg 768w\" sizes=\"auto, (max-width: 800px) 100vw, 800px\" \/><\/figure>\n\n\n\n<h3 class=\"wp-block-heading\"><strong>Parques industriales<\/strong><\/h3>\n\n\n\n<p>Nos especializamos en el desarrollo de Proyecto general de infraestructura, Incluyendo todo lo necesario para los permisos, proyecto y construcci\u00f3n del Parque.<br>\u2022 Proyecto ejecutivo infraestructura<br>\u2022 Edificios bts<br>\u2022 Propuestas de ventas de lotes<br>\u2022 Distribuci\u00f3n de naves<br>\u2022 Planos para lotificaciones y tramitolog\u00eda<br>\u2022 Subdivisiones y fusiones<\/p>\n<\/div>\n<\/div>\n\n\n\n<div class=\"wp-block-column is-vertically-aligned-center is-layout-flow wp-container-core-column-is-layout-47e5a185 wp-block-column-is-layout-flow\">\n<div class=\"wp-block-group is-content-justification-left is-layout-constrained wp-container-core-group-is-layout-44ff0204 wp-block-group-is-layout-constrained\" style=\"border-radius:5px\">\n<figure class=\"wp-block-image size-full\"><img loading=\"lazy\" decoding=\"async\" width=\"800\" height=\"400\" src=\"https:\/\/arproarq.com\/wp-content\/uploads\/2025\/07\/3-1.jpg\" alt=\"\" class=\"wp-image-49\" srcset=\"https:\/\/arproarq.com\/wp-content\/uploads\/2025\/07\/3-1.jpg 800w, https:\/\/arproarq.com\/wp-content\/uploads\/2025\/07\/3-1-300x150.jpg 300w, https:\/\/arproarq.com\/wp-content\/uploads\/2025\/07\/3-1-768x384.jpg 768w\" sizes=\"auto, (max-width: 800px) 100vw, 800px\" \/><\/figure>\n\n\n\n<h3 class=\"wp-block-heading\"><strong>Construcci\u00f3n<\/strong><\/h3>\n\n\n\n<p>Ejecuci\u00f3n de obra nueva as\u00ed como de adecuaciones, anexos en edificios existentes<br>\u2022 Director responsable de obra<br>\u2022 Mantenimiento general en parques y naves industriales<br>\u2022 Gerenciamiento de proyecto y direcci\u00f3n de obra<br>\u2022 Peritaje y dictamenes estructurales<br>\u2022 Gestoria y tramites<br>\u2022 Acabados, tablarroca y canceleri\u0301a<\/p>\n\n\n\n<p><\/p>\n<\/div>\n<\/div>\n<\/div>\n<\/div>\n<\/div>\n\n\n\n<div class=\"wp-block-group alignfull is-content-justification-center is-layout-constrained wp-container-core-group-is-layout-1313c73e wp-block-group-is-layout-constrained\" style=\"margin-top:0px;margin-bottom:0px;padding-top:64px;padding-bottom:64px\">\n<div class=\"wp-block-group alignwide is-layout-flow wp-container-core-group-is-layout-c6626a78 wp-block-group-is-layout-flow\">\n<div class=\"wp-block-columns is-layout-flex wp-container-core-columns-is-layout-28f84493 wp-block-columns-is-layout-flex\">\n<div class=\"wp-block-column is-vertically-aligned-center is-layout-flow wp-container-core-column-is-layout-47e5a185 wp-block-column-is-layout-flow\">\n<div class=\"wp-block-group is-content-justification-left is-layout-constrained wp-container-core-group-is-layout-44ff0204 wp-block-group-is-layout-constrained\" style=\"border-radius:5px\">\n<figure class=\"wp-block-image size-full\"><img loading=\"lazy\" decoding=\"async\" width=\"800\" height=\"400\" src=\"https:\/\/arproarq.com\/wp-content\/uploads\/2025\/07\/3_final.jpg\" alt=\"\" class=\"wp-image-51\" srcset=\"https:\/\/arproarq.com\/wp-content\/uploads\/2025\/07\/3_final.jpg 800w, https:\/\/arproarq.com\/wp-content\/uploads\/2025\/07\/3_final-300x150.jpg 300w, https:\/\/arproarq.com\/wp-content\/uploads\/2025\/07\/3_final-768x384.jpg 768w\" sizes=\"auto, (max-width: 800px) 100vw, 800px\" \/><\/figure>\n\n\n\n<h3 class=\"wp-block-heading\"><strong><strong>Proyectos<\/strong><\/strong><\/h3>\n\n\n\n<p>Desarrollo de anteproyecto y el proyecto ejecutivo, incluyendo ingenier\u00edas y detalles necesarios para construcci\u00f3n de naves industriales, bodegas, oficinas y edificios comerciales.<br>Desarrollo de:<br>\u2022 PROYECTO EJECUTIVO<br>\u2022 PLANOS AS BUILT<br>\u2022 PROYECTOS BIM<br>\u2022 RENDERS<br>\u2022 DISE\u00d1O Y CALCULO ESTRUCTURAL<\/p>\n<\/div>\n<\/div>\n\n\n\n<div class=\"wp-block-column is-vertically-aligned-center is-layout-flow wp-container-core-column-is-layout-47e5a185 wp-block-column-is-layout-flow\">\n<div class=\"wp-block-group is-content-justification-left is-layout-constrained wp-container-core-group-is-layout-44ff0204 wp-block-group-is-layout-constrained\" style=\"border-radius:5px\">\n<figure class=\"wp-block-gallery has-nested-images columns-default is-cropped wp-block-gallery-1 is-layout-flex wp-block-gallery-is-layout-flex\">\n<figure data-wp-context=\"{&quot;imageId&quot;:&quot;69e378eb051bf&quot;}\" data-wp-interactive=\"core\/image\" data-wp-key=\"69e378eb051bf\" class=\"wp-block-image size-large wp-lightbox-container\"><img loading=\"lazy\" decoding=\"async\" width=\"1024\" height=\"768\" data-wp-class--hide=\"state.isContentHidden\" data-wp-class--show=\"state.isContentVisible\" data-wp-init=\"callbacks.setButtonStyles\" data-wp-on--click=\"actions.showLightbox\" data-wp-on--load=\"callbacks.setButtonStyles\" data-wp-on-window--resize=\"callbacks.setButtonStyles\" data-id=\"152\" src=\"https:\/\/arproarq.com\/wp-content\/uploads\/2025\/08\/23b3506e-bf3e-4db8-9029-9bff254f6557-1024x768.jpg\" alt=\"\" class=\"wp-image-152\" srcset=\"https:\/\/arproarq.com\/wp-content\/uploads\/2025\/08\/23b3506e-bf3e-4db8-9029-9bff254f6557-1024x768.jpg 1024w, https:\/\/arproarq.com\/wp-content\/uploads\/2025\/08\/23b3506e-bf3e-4db8-9029-9bff254f6557-300x225.jpg 300w, https:\/\/arproarq.com\/wp-content\/uploads\/2025\/08\/23b3506e-bf3e-4db8-9029-9bff254f6557-768x576.jpg 768w, https:\/\/arproarq.com\/wp-content\/uploads\/2025\/08\/23b3506e-bf3e-4db8-9029-9bff254f6557.jpg 1280w\" sizes=\"auto, (max-width: 1024px) 100vw, 1024px\" \/><button\n\t\t\tclass=\"lightbox-trigger\"\n\t\t\ttype=\"button\"\n\t\t\taria-haspopup=\"dialog\"\n\t\t\taria-label=\"Agrandar\"\n\t\t\tdata-wp-init=\"callbacks.initTriggerButton\"\n\t\t\tdata-wp-on--click=\"actions.showLightbox\"\n\t\t\tdata-wp-style--right=\"state.imageButtonRight\"\n\t\t\tdata-wp-style--top=\"state.imageButtonTop\"\n\t\t>\n\t\t\t<svg xmlns=\"http:\/\/www.w3.org\/2000\/svg\" width=\"12\" height=\"12\" fill=\"none\" viewBox=\"0 0 12 12\">\n\t\t\t\t<path fill=\"#fff\" d=\"M2 0a2 2 0 0 0-2 2v2h1.5V2a.5.5 0 0 1 .5-.5h2V0H2Zm2 10.5H2a.5.5 0 0 1-.5-.5V8H0v2a2 2 0 0 0 2 2h2v-1.5ZM8 12v-1.5h2a.5.5 0 0 0 .5-.5V8H12v2a2 2 0 0 1-2 2H8Zm2-12a2 2 0 0 1 2 2v2h-1.5V2a.5.5 0 0 0-.5-.5H8V0h2Z\" \/>\n\t\t\t<\/svg>\n\t\t<\/button><\/figure>\n\n\n\n<figure data-wp-context=\"{&quot;imageId&quot;:&quot;69e378eb05605&quot;}\" data-wp-interactive=\"core\/image\" data-wp-key=\"69e378eb05605\" class=\"wp-block-image size-large wp-lightbox-container\"><img loading=\"lazy\" decoding=\"async\" width=\"720\" height=\"405\" data-wp-class--hide=\"state.isContentHidden\" data-wp-class--show=\"state.isContentVisible\" data-wp-init=\"callbacks.setButtonStyles\" data-wp-on--click=\"actions.showLightbox\" data-wp-on--load=\"callbacks.setButtonStyles\" data-wp-on-window--resize=\"callbacks.setButtonStyles\" data-id=\"154\" src=\"https:\/\/arproarq.com\/wp-content\/uploads\/2025\/08\/acceso.jpg\" alt=\"\" class=\"wp-image-154\" srcset=\"https:\/\/arproarq.com\/wp-content\/uploads\/2025\/08\/acceso.jpg 720w, https:\/\/arproarq.com\/wp-content\/uploads\/2025\/08\/acceso-300x169.jpg 300w\" sizes=\"auto, (max-width: 720px) 100vw, 720px\" \/><button\n\t\t\tclass=\"lightbox-trigger\"\n\t\t\ttype=\"button\"\n\t\t\taria-haspopup=\"dialog\"\n\t\t\taria-label=\"Agrandar\"\n\t\t\tdata-wp-init=\"callbacks.initTriggerButton\"\n\t\t\tdata-wp-on--click=\"actions.showLightbox\"\n\t\t\tdata-wp-style--right=\"state.imageButtonRight\"\n\t\t\tdata-wp-style--top=\"state.imageButtonTop\"\n\t\t>\n\t\t\t<svg xmlns=\"http:\/\/www.w3.org\/2000\/svg\" width=\"12\" height=\"12\" fill=\"none\" viewBox=\"0 0 12 12\">\n\t\t\t\t<path fill=\"#fff\" d=\"M2 0a2 2 0 0 0-2 2v2h1.5V2a.5.5 0 0 1 .5-.5h2V0H2Zm2 10.5H2a.5.5 0 0 1-.5-.5V8H0v2a2 2 0 0 0 2 2h2v-1.5ZM8 12v-1.5h2a.5.5 0 0 0 .5-.5V8H12v2a2 2 0 0 1-2 2H8Zm2-12a2 2 0 0 1 2 2v2h-1.5V2a.5.5 0 0 0-.5-.5H8V0h2Z\" \/>\n\t\t\t<\/svg>\n\t\t<\/button><\/figure>\n\n\n\n<figure data-wp-context=\"{&quot;imageId&quot;:&quot;69e378eb059cc&quot;}\" data-wp-interactive=\"core\/image\" data-wp-key=\"69e378eb059cc\" class=\"wp-block-image size-large wp-lightbox-container\"><img loading=\"lazy\" decoding=\"async\" width=\"768\" height=\"1024\" data-wp-class--hide=\"state.isContentHidden\" data-wp-class--show=\"state.isContentVisible\" data-wp-init=\"callbacks.setButtonStyles\" data-wp-on--click=\"actions.showLightbox\" data-wp-on--load=\"callbacks.setButtonStyles\" data-wp-on-window--resize=\"callbacks.setButtonStyles\" data-id=\"155\" src=\"https:\/\/arproarq.com\/wp-content\/uploads\/2025\/08\/B5938293-C96A-4195-A0D7-878AC6FDFEEC_1_105_c.jpeg\" alt=\"\" class=\"wp-image-155\" srcset=\"https:\/\/arproarq.com\/wp-content\/uploads\/2025\/08\/B5938293-C96A-4195-A0D7-878AC6FDFEEC_1_105_c.jpeg 768w, https:\/\/arproarq.com\/wp-content\/uploads\/2025\/08\/B5938293-C96A-4195-A0D7-878AC6FDFEEC_1_105_c-225x300.jpeg 225w\" sizes=\"auto, (max-width: 768px) 100vw, 768px\" \/><button\n\t\t\tclass=\"lightbox-trigger\"\n\t\t\ttype=\"button\"\n\t\t\taria-haspopup=\"dialog\"\n\t\t\taria-label=\"Agrandar\"\n\t\t\tdata-wp-init=\"callbacks.initTriggerButton\"\n\t\t\tdata-wp-on--click=\"actions.showLightbox\"\n\t\t\tdata-wp-style--right=\"state.imageButtonRight\"\n\t\t\tdata-wp-style--top=\"state.imageButtonTop\"\n\t\t>\n\t\t\t<svg xmlns=\"http:\/\/www.w3.org\/2000\/svg\" width=\"12\" height=\"12\" fill=\"none\" viewBox=\"0 0 12 12\">\n\t\t\t\t<path fill=\"#fff\" d=\"M2 0a2 2 0 0 0-2 2v2h1.5V2a.5.5 0 0 1 .5-.5h2V0H2Zm2 10.5H2a.5.5 0 0 1-.5-.5V8H0v2a2 2 0 0 0 2 2h2v-1.5ZM8 12v-1.5h2a.5.5 0 0 0 .5-.5V8H12v2a2 2 0 0 1-2 2H8Zm2-12a2 2 0 0 1 2 2v2h-1.5V2a.5.5 0 0 0-.5-.5H8V0h2Z\" \/>\n\t\t\t<\/svg>\n\t\t<\/button><\/figure>\n<\/figure>\n<\/div>\n<\/div>\n<\/div>\n<\/div>\n<\/div>\n","protected":false},"excerpt":{"rendered":"<p>Parques industriales Nos especializamos en el desarrollo de Proyecto general de infraestructura, Incluyendo todo lo necesario para los permisos, proyecto y construcci\u00f3n del Parque.\u2022 Proyecto ejecutivo infraestructura\u2022 Edificios bts\u2022 Propuestas de ventas de lotes\u2022 Distribuci\u00f3n de naves\u2022 Planos para lotificaciones y tramitolog\u00eda\u2022 Subdivisiones y fusiones Construcci\u00f3n Ejecuci\u00f3n de obra nueva as\u00ed como de adecuaciones, anexos [&hellip;]<\/p>\n","protected":false},"author":1,"featured_media":0,"parent":0,"menu_order":0,"comment_status":"closed","ping_status":"closed","template":"","meta":{"footnotes":""},"class_list":["post-34","page","type-page","status-publish","hentry"],"_links":{"self":[{"href":"https:\/\/arproarq.com\/index.php\/wp-json\/wp\/v2\/pages\/34","targetHints":{"allow":["GET"]}}],"collection":[{"href":"https:\/\/arproarq.com\/index.php\/wp-json\/wp\/v2\/pages"}],"about":[{"href":"https:\/\/arproarq.com\/index.php\/wp-json\/wp\/v2\/types\/page"}],"author":[{"embeddable":true,"href":"https:\/\/arproarq.com\/index.php\/wp-json\/wp\/v2\/users\/1"}],"replies":[{"embeddable":true,"href":"https:\/\/arproarq.com\/index.php\/wp-json\/wp\/v2\/comments?post=34"}],"version-history":[{"count":23,"href":"https:\/\/arproarq.com\/index.php\/wp-json\/wp\/v2\/pages\/34\/revisions"}],"predecessor-version":[{"id":156,"href":"https:\/\/arproarq.com\/index.php\/wp-json\/wp\/v2\/pages\/34\/revisions\/156"}],"wp:attachment":[{"href":"https:\/\/arproarq.com\/index.php\/wp-json\/wp\/v2\/media?parent=34"}],"curies":[{"name":"wp","href":"https:\/\/api.w.org\/{rel}","templated":true}]}}